
What is the remainder when 1220 is divided by 206?
190
What is the remainder when 1867 is divided by 12?
7
Calculate the remainder when 6371 is divided by 177.
176
What is the remainder when 78 is divided by 13?
0
Calculate the remainder when 392 is divided by 137.
118
Calculate the remainder when 3913 is divided by 145.
143
Calculate the remainder when 54 is divided by 5.
4
What is the remainder when 2517 is divided by 113?
31
What is the remainder when 350 is divided by 114?
8
Calculate the remainder when 4991 is divided by 156.
155
What is the remainder when 3121 is divided by 445?
6
What is the remainder when 106 is divided by 103?
3
What is the remainder when 737 is divided by 10?
7
What is the remainder when 242 is divided by 6?
2
What is the remainder when 608 is divided by 105?
83
What is the remainder when 237 is divided by 80?
77
What is the remainder when 1214 is divided by 111?
104
What is the remainder when 513 is divided by 31?
17
What is the remainder when 236 is divided by 80?
76
Calculate the remainder when 1091 is divided by 83.
12
What is the remainder when 1772 is divided by 126?
8
What is the remainder when 2713 is divided by 151?
146
What is the remainder when 6965 is divided by 27?
26
Calculate the remainder when 567 is divided by 71.
70
Calculate the remainder when 43 is divided by 15.
13
What is the remainder when 2898 is divided by 43?
17
What is the remainder when 1038 is divided by 96?
78
Calculate the remainder when 3592 is divided by 22.
6
Calculate the remainder when 49 is divided by 48.
1
Calculate the remainder when 260 is divided by 44.
40
What is the remainder when 10355 is divided by 3445?
20
What is the remainder when 1629 is divided by 109?
103
What is the remainder when 1512 is divided by 483?
63
What is the remainder when 148 is divided by 61?
26
What is the remainder when 19568 is divided by 95?
93
What is the remainder when 6184 is divided by 413?
402
What is the remainder when 453 is divided by 7?
5
Calculate the remainder when 94 is divided by 33.
28
What is the remainder when 209 is divided by 103?
3
Calculate the remainder when 117 is divided by 17.
15
Calculate the remainder when 447 is divided by 219.
9
Calculate the remainder when 321 is divided by 9.
6
What is the remainder when 33 is divided by 7?
5
Calculate the remainder when 669 is divided by 32.
29
Calculate the remainder when 1109 is divided by 549.
11
What is the remainder when 38 is divided by 20?
18
What is the remainder when 633 is divided by 221?
191
Calculate the remainder when 622 is divided by 20.
2
Calculate the remainder when 2058 is divided by 103.
101
What is the remainder when 456 is divided by 51?
48
What is the remainder when 18257 is divided by 4560?
17
What is the remainder when 4920 is divided by 9?
6
What is the remainder when 1309 is divided by 343?
280
What is the remainder when 2698 is divided by 143?
124
What is the remainder when 966 is divided by 212?
118
Calculate the remainder when 710 is divided by 79.
78
Calculate the remainder when 707 is divided by 142.
139
What is the remainder when 385 is divided by 343?
42
What is the remainder when 2110 is divided by 44?
42
Calculate the remainder when 78 is divided by 22.
12
Calculate the remainder when 113 is divided by 30.
23
Calculate the remainder when 2946 is divided by 212.
190
What is the remainder when 687 is divided by 47?
29
Calculate the remainder when 110 is divided by 14.
12
What is the remainder when 151 is divided by 66?
19
What is the remainder when 745 is divided by 140?
45
What is the remainder when 471 is divided by 233?
5
Calculate the remainder when 7356 is divided by 11.
8
What is the remainder when 30 is divided by 9?
3
Calculate the remainder when 472 is divided by 472.
0
Calculate the remainder when 1679 is divided by 244.
215
Calculate the remainder when 99 is divided by 35.
29
What is the remainder when 93 is divided by 10?
3
Calculate the remainder when 4045 is divided by 4033.
12
What is the remainder when 562 is divided by 142?
136
Calculate the remainder when 210 is divided by 48.
18
What is the remainder when 70183 is divided by 15?
13
What is the remainder when 88 is divided by 15?
13
What is the remainder when 457 is divided by 27?
25
Calculate the remainder when 4428 is divided by 401.
17
What is the remainder when 503 is divided by 35?
13
What is the remainder when 39 is divided by 17?
5
What is the remainder when 143 is divided by 42?
17
Calculate the remainder when 260 is divided by 88.
84
Calculate the remainder when 110 is divided by 13.
6
Calculate the remainder when 508 is divided by 51.
49
What is the remainder when 185 is divided by 99?
86
What is the remainder when 453 is divided by 27?
21
What is the remainder when 33 is divided by 5?
3
What is the remainder when 2268 is divided by 38?
26
What is the remainder when 12088 is divided by 157?
156
What is the remainder when 39335 is divided by 132?
131
Calculate the remainder when 574 is divided by 83.
76
Calculate the remainder when 3597 is divided by 100.
97
What is the remainder when 1458 is divided by 43?
39
What is the remainder when 451 is divided by 2?
1
Calculate the remainder when 110 is divided by 60.
50
Calculate the remainder when 101 is divided by 31.
8
Calculate the remainder when 1555 is divided by 175.
155
What is the remainder when 211 is divided by 54?
49
Calculate the remainder when 155 is divided by 32.
27
Calculate the remainder when 7221 is divided by 46.
45
What is the remainder when 450 is divided by 220?
10
What is the remainder when 939 is divided by 26?
3
What is the remainder when 6391 is divided by 139?
136
What is the remainder when 213 is divided by 171?
42
What is the remainder when 1699 is divided by 37?
34
Calculate the remainder when 793 is divided by 102.
79
What is the remainder when 196 is divided by 55?
31
Calculate the remainder when 2792 is divided by 929.
5
Calculate the remainder when 1706 is divided by 1695.
11
Calculate the remainder when 1727 is divided by 32.
31
Calculate the remainder when 44 is divided by 16.
12
What is the remainder when 2082 is divided by 256?
34
Calculate the remainder when 340 is divided by 307.
33
Calculate the remainder when 352 is divided by 105.
37
What is the remainder when 483 is divided by 47?
13
What is the remainder when 20 is divided by 11?
9
Calculate the remainder when 259 is divided by 70.
49
What is the remainder when 351 is divided by 175?
1
Calculate the remainder when 206 is divided by 12.
2
What is the remainder when 413 is divided by 23?
22
Calculate the remainder when 1234 is divided by 210.
184
What is the remainder when 270 is divided by 46?
40
What is the remainder when 370 is divided by 62?
60
What is the remainder when 9247 is divided by 25?
22
What is the remainder when 95 is divided by 27?
14
What is the remainder when 247 is divided by 36?
31
Calculate the remainder when 122 is divided by 40.
2
Calculate the remainder when 598 is divided by 162.
112
What is the remainder when 170 is divided by 25?
20
Calculate the remainder when 285 is divided by 267.
18
What is the remainder when 2254 is divided by 11?
10
Calculate the remainder when 2198 is divided by 48.
38
What is the remainder when 215 is divided by 31?
29
What is the remainder when 93 is divided by 13?
2
Calculate the remainder when 489 is divided by 49.
48
What is the remainder when 419 is divided by 10?
9
Calculate the remainder when 854 is divided by 285.
284
Calculate the remainder when 2590 is divided by 856.
22
What is the remainder when 679 is divided by 33?
19
Calculate the remainder when 1820 is divided by 83.
77
Calculate the remainder when 2547 is divided by 34.
31
What is the remainder when 535 is divided by 79?
61
What is the remainder when 1148 is divided by 48?
44
What is the remainder when 58 is divided by 20?
18
Calculate the remainder when 74 is divided by 22.
8
Calculate the remainder when 1871 is divided by 48.
47
What is the remainder when 144 is divided by 85?
59
What is the remainder when 70 is divided by 28?
14
Calculate the remainder when 215 is divided by 54.
53
What is the remainder when 52 is divided by 27?
25
Calculate the remainder when 3235 is divided by 41.
37
What is the remainder when 97